{"id":123,"date":"2018-11-28T11:30:05","date_gmt":"2018-11-28T11:30:05","guid":{"rendered":"http:\/\/casadasresistencias.pt\/wp\/?page_id=123"},"modified":"2018-11-28T12:03:21","modified_gmt":"2018-11-28T12:03:21","slug":"resistencias-tipo-cartucho-cac-cmc-cbc","status":"publish","type":"page","link":"https:\/\/casadasresistencias.pt\/produtos\/resistencias-tipo-cartucho-cac-cmc-cbc\/","title":{"rendered":"Resist\u00eancias Tipo Cartucho CAC \u2013 CMC &#8211; CBC"},"content":{"rendered":"<p><span class=\"fontstyle0\">As resist\u00eancias tipo cartucho CR podem ser\u00a0fabricadas em tr\u00eas vers\u00f5es conforme a temperatura de\u00a0trabalho e a carga aplicada na resist\u00eancia (w\/cm<\/span><span class=\"fontstyle0\">2<\/span><span class=\"fontstyle0\">). <\/span><\/p>\n<p><span class=\"fontstyle0\">Os\u00a0cartuchos de alta carga, CAC, s\u00e3o os mais utilizados na\u00a0ind\u00fastria devido a possibilidade de aplica\u00e7\u00e3o de uma\u00a0carga por superf\u00edcie bastante elevada, +12w\/cm<\/span><span class=\"fontstyle0\">2\u00a0<\/span><span class=\"fontstyle0\">possibilitando assim elevadas pot\u00eancia em pequenos\u00a0espa\u00e7os. <\/span><\/p>\n<p><span class=\"fontstyle0\">Nunca esquecer que n\u00e3o devemos aplicar\u00a0pot\u00eancias superiores a 30w\/cm<\/span><span class=\"fontstyle0\">2<\/span><span class=\"fontstyle0\">. <\/span><\/p>\n<p><span class=\"fontstyle0\">Devido a seu\u00a0princ\u00edpio de fabrico s\u00e3o resist\u00eancias onde a diferen\u00e7a\u00a0de temperatura entre o filamento da resist\u00eancia e a<br \/>\nsua superf\u00edcie, tubo met\u00e1lico, \u00e9 praticamente nula. <\/span><\/p>\n<p><span class=\"fontstyle0\">A temperatura m\u00e1xima n\u00e3o deve ultrapassar os 700\u00baC permitindo assim, se as resist\u00eancias forem bem\u00a0aplicadas, uma grande durabilidade.<\/span><\/p>\n<p>Para mais informa\u00e7\u00f5es consulte o ficheiro t\u00e9cnico em <a href=\"http:\/\/casadasresistencias.pt\/wp\/wp-content\/uploads\/2018\/11\/Resist\u00eancias-cartucho.pdf\" target=\"_blank\" rel=\"noopener\">anexo<\/a>.<\/p>\n<p><img loading=\"lazy\" decoding=\"async\" class=\"size-full wp-image-129 aligncenter\" src=\"http:\/\/casadasresistencias.pt\/wp\/wp-content\/uploads\/2018\/11\/cartucho.jpg\" alt=\"\" width=\"274\" height=\"184\" \/><\/p>\n<!-- WP Attachments -->\r\n        <div style=\"width:100%;margin:10px 0 10px 0;\">\r\n            <h3>Anexos<\/h3>\r\n        <ul class=\"post-attachments\"><li class=\"post-attachment mime-application-pdf\"><a target=\"_blank\" rel=\"noopener noreferrer\" href=\"https:\/\/casadasresistencias.pt\/wp\/wp-content\/uploads\/2018\/11\/Resist\u00eancias-cartucho.pdf\">Resist\u00eancias cartucho<\/a> <small>(207 kB)<\/small><\/li><\/ul><\/div>","protected":false},"excerpt":{"rendered":"<p>As resist\u00eancias tipo cartucho CR podem ser\u00a0fabricadas em tr\u00eas vers\u00f5es conforme a temperatura de\u00a0trabalho e a carga aplicada na resist\u00eancia (w\/cm2). Os\u00a0cartuchos de alta carga, CAC, s\u00e3o os mais utilizados na\u00a0ind\u00fastria devido a possibilidade de aplica\u00e7\u00e3o de uma\u00a0carga por superf\u00edcie bastante elevada, +12w\/cm2\u00a0possibilitando assim elevadas pot\u00eancia em pequenos\u00a0espa\u00e7os. Nunca esquecer que n\u00e3o devemos aplicar\u00a0pot\u00eancias superiores<a class=\"moretag\" href=\"https:\/\/casadasresistencias.pt\/produtos\/resistencias-tipo-cartucho-cac-cmc-cbc\/\"><span class=\"screen-reader-text\">Read more about Resist\u00eancias Tipo Cartucho CAC \u2013 CMC &#8211; CBC<\/span>[&#8230;]<\/a><\/p>\n","protected":false},"author":3,"featured_media":0,"parent":119,"menu_order":0,"comment_status":"closed","ping_status":"closed","template":"","meta":{"footnotes":""},"class_list":["post-123","page","type-page","status-publish","hentry"],"_links":{"self":[{"href":"https:\/\/casadasresistencias.pt\/wp-json\/wp\/v2\/pages\/123","targetHints":{"allow":["GET"]}}],"collection":[{"href":"https:\/\/casadasresistencias.pt\/wp-json\/wp\/v2\/pages"}],"about":[{"href":"https:\/\/casadasresistencias.pt\/wp-json\/wp\/v2\/types\/page"}],"author":[{"embeddable":true,"href":"https:\/\/casadasresistencias.pt\/wp-json\/wp\/v2\/users\/3"}],"replies":[{"embeddable":true,"href":"https:\/\/casadasresistencias.pt\/wp-json\/wp\/v2\/comments?post=123"}],"version-history":[{"count":5,"href":"https:\/\/casadasresistencias.pt\/wp-json\/wp\/v2\/pages\/123\/revisions"}],"predecessor-version":[{"id":134,"href":"https:\/\/casadasresistencias.pt\/wp-json\/wp\/v2\/pages\/123\/revisions\/134"}],"up":[{"embeddable":true,"href":"https:\/\/casadasresistencias.pt\/wp-json\/wp\/v2\/pages\/119"}],"wp:attachment":[{"href":"https:\/\/casadasresistencias.pt\/wp-json\/wp\/v2\/media?parent=123"}],"curies":[{"name":"wp","href":"https:\/\/api.w.org\/{rel}","templated":true}]}}